 g = -4. Let h(x) = 3 - 6 - x**2 - 1 + b*x. Determine h(5).
-4
Let g(k) be the second derivative of -k**4/12 + k**3/6 + 13*k**2/2 - 3*k. Suppose -24*m + 3 = 26*m + 3. Calculate g(m).
13
Let y(k) = -6. Let u(s) = s - 7. Let a(d) = 5*u(d) - 6*y(d). Suppose 3*w - 2*l - l - 6 = 0, w - 2*l - 2 = 0. Let t be 0/1 - -1 - w. Calculate a(t).
-4
Suppose -v + 3*s = -5*v + 54, 0 = -v - s + 14. Let n(j) = 14*j - j**2 + 5*j - 8*j + v. Calculate n(12).
0
Let a(w) = -5*w**2 + 40*w + 24. Let c(x) = 2*x**2 - 18*x - 13. Let o(b) = -3*a(b) - 7*c(b). What is o(-5)?
14
Let b(c) = -c**2 - 5*c + 1. Suppose 5*p = 213 + 7. Let r = p + -39. Let x(n) = n**2 + 5*n - 1. Let g(z) = r*b(z) + 6*x(z). Calculate g(-4).
-5
Let k(a) = -27*a - 138. Let f(o) = 2*o - 1. Let w(q) = -4*f(q) - k(q). Let u be w(-7). Let d(p) = p**2 - 9*p - 2. What is d(u)?
-2
Let x(c) = 6*c - 8. Let t(u) = 4*u - 5. Let v(p) = -7*t(p) + 5*x(p). Let k(a) = -2*a - 39. Let z be k(17). Let w = z - -77. Determine v(w).
3
Let f(n) = -67 + 1208*n - 1211*n + 69. Calculate f(-8).
26
Let h(z) = -z**3 - 17*z**2 - 69*z - 117. Let k be h(-12). Let f(i) = 3*i**2 + 13*i - 2. Give f(k).
124
Let h = -99 + 101. Let s(g) = -33*g**h - 53*g**2 + g**3 - 11 + 97*g**2 - 3*g. Determine s(-11).
22
Let u(p) = -188*p + 1144. Let i be u(6). Let k(n) = n**2 - 18*n + 16. Give k(i).
-16
Let o = -1517 - -1512. Let q(x) = 3*x + 15. Calculate q(o).
0
Let d(h) = -139*h**2 - 6*h**3 - 435 + 3*h + 135*h**2 + 437. Let c be (-4)/(-12) + 2/3. Let q(b) = -b**3 + b + 1. Let g(t) = c*d(t) - 5*q(t). What is g(-3)?
-6
Let s(i) = i - 16. Let w(d) = d - 53. Let v be w(65). Give s(v).
-4
Let z(b) = -b**2 + b. Suppose -j + 5*g - 165 = 0, -593 + 238 = 2*j - 5*g. Let q = 190 + j. Calculate z(q).
0
Let q be 258/(-36) + -8 + (-539)/(-66). Let h(j) = 9 - 8*j + 0*j - j - 10 - j**2. Determine h(q).
13
Suppose -18 = -7*y + y. Let o(h) be the third derivative of -h**6/120 + h**5/20 - h**4/24 - h**3/6 + 313*h**2 - 1. Give o(y).
-4
Let s(c) = -c**3 + 11*c**2 + 8*c - 2. Let h(i) = -2*i**3 + 20*i**2 + 13*i - 4. Let k(m) = -3*h(m) + 5*s(m). What is k(1)?
-1
Let c(l) be the third derivative of -l**4/12 + 7*l**3/6 - 3*l**2. Let z(q) = -2*q - 10. Suppose 0 = -2*t + 3*t, -5*a - 40 = -4*t. Let r be z(a). Determine c(r).
-5
Let o = -21252 + 21259. Let k(j) = j**3 - 6*j**2 - 12. Determine k(o).
37
Let t(p) = 375*p**2 - 25*p**3 + 24*p**3 + 12*p - 387*p**2 + 28. Give t(-13).
41
Suppose -3*f - x = -19 - 6, -4*x = -3*f + 35. Let m(u) = 2*u - 2. Let g be m(2). Let c(v) = -v**g + 7*v - f + 3 + 1. Determine c(7).
-5
Let k(m) = 10*m - 90. Suppose -54*j + 103 + 760 = 323. Give k(j).
10
Let w(t) = t**3 + 6*t**2 + 7*t + 6. Suppose 2*h = 2*c + 3 - 7, -8 = -c - 2*h. Let k = c + -13. Let n be (-3 + 2 + k)/2. What is w(n)?
-4
Let c(k) = -k**2 + 10*k - 7. Let s = 97 - 41. Suppose 6*u - 11*u - 5*m = 0, -5*m = 3*u + 4. Suppose 4*b = 4*w + s, 2*b - u*w = -6*w - 2. Determine c(b).
2
Suppose 2*p - y + 6 = 20, -7 = -p + 5*y. Suppose -p*k - 4 = -39. Let r(d) = 3*d + 1. What is r(k)?
16
Let z(p) = -2 - p**2 + 4*p**2 - 2*p**2 + 0*p**2 - 7*p. Let k(w) = 2*w**2 - 1. Let x(i) = i + 1. Let t(g) = k(g) + x(g). Let l be t(-2). What is z(l)?
-8
Suppose 73*n - 379 = -233. Let b(h) be the second derivative of 0 + 7/12*h**4 + 12*h + 0*h**3 + 0*h**n. Calculate b(1).
7
Let t(z) = -z**3 + 8*z**2 + 5. Let q be t(8). Suppose q*c + 94 - 104 = 0. Let a(g) = -7*g + 3 - 10*g + 11*g - c. Calculate a(5).
-29
Suppose 5*u = 3*p - 2, -4*u + 18*p + 11 = 17*p. Let m(j) = -3*j + 0*j - 16 + 6*j. Give m(u).
-1
Let l = 368 - 358. Suppose l*p + 6*p = -48. Let y(i) = 2*i**3 + 2*i**2 - 4*i + 1. Calculate y(p).
-23
Let l(q) be the second derivative of -2/3*q**4 + 7 - 7/6*q**3 + 2*q - 1/2*q**2 - 1/20*q**5. Calculate l(-7).
-1
Let s(b) = 2 + 20 - 273*b - 3*b**2 - 275*b + 559*b. Give s(-4).
-70
Let z(n) = -33*n + 5. Let t(a) = -a**3 - 93*a**2 - 87*a + 6. Let j be t(-1). Calculate z(j).
-28
Let w(t) = 4*t - 12. Let z = -3820 + 3824. What is w(z)?
4
Let g(a) be the first derivative of -a**7/280 + a**6/120 - a**5/40 + a**4/24 + 13*a**3/3 + 75. Let v(p) be the third derivative of g(p). What is v(2)?
-17
Let f(t) = -404*t + 103*t + 99*t - 1 + 103*t + 98*t. Let h(o) = -o**3 - 5*o**2 + 6*o - 5. Let r be 22/(-3) - 40/(-30). Let a be h(r). Give f(a).
4
Let b(z) = z**2 + z - 1. Let d be (148/(-5) - 0)/(11/110). Let t = d - -298. Determine b(t).
5
Let g(h) = -h**2 + 16*h - 9. Let s = -2004 + 2020. Give g(s).
-9
Let y(r) be the first derivative of r**4/4 - 11*r**3/3 + 19*r**2/2 - 19*r - 102. Calculate y(9).
-10
Let t(q) = -3*q**3 + 8*q**2 + 4*q + 10. Let g(i) = -3*i**3 + 10*i**2 + 4*i + 13. Let u(x) = 4*g(x) - 5*t(x). Calculate u(-3).
-67
Let x(y) = 11*y + 80. Let t = 537 - 544. What is x(t)?
3
Let c(t) be the third derivative of -t - 29/6*t**3 + 0 - t**2 - 1/24*t**4. Determine c(-20).
-9
Let c(l) = -15*l - 274. Let f be c(-19). Suppose 0 = -f*o - 5 - 17. Let n(r) = 5*r**3 + 2*r**2 - r. Determine n(o).
-30
Let z be (-135)/12*(-144)/54. Let t be 6/z - (4 + (-237)/15). Let a(b) = b**2 - 9*b + 5. Give a(t).
41
Let p(d) = d**3 + 6*d**2 - 14*d + 5. Let m(o) = 2*o**3 + o**2 - 3*o + 1. Let a(b) = 5*m(b) - p(b). Determine a(-1).
-9
Let p(c) = c**2 - 20*c - 26. Let b be p(22). Suppose 0*w = -2*w + 5*z + 16, 3*z + b = -3*w. Let n(f) = -2*f**2 + f**2 - 4*f**2 + 3*f**2. Calculate n(w).
-8
Let f(t) be the second derivative of -t**5/20 - 3*t**4/4 + t**3/6 + 7*t**2 - 3*t + 12. Suppose 232 = -29*m - 29. What is f(m)?
5
Let g(r) = -421*r - 3372. Let k be g(-8). Let i(x) = 5*x**2 - 3*x + 7. What is i(k)?
99
Suppose 0 = -129*t + 127*t - 3*d - 13, 4*d = -5*t - 22. Let v(h) = 2*h**2 + h - 2. Determine v(t).
4
Suppose 5643*a + 16 = 5651*a. Let p(y) be the third derivative of 0*y - 3*y**a - 5/24*y**4 + 0*y**3 + 0. Give p(4).
-20
Let t(u) = u**3 + 4*u**2 - u - 2. Let w be t(-4). Suppose w*j + 1 = -a - 7, -2*a = 4. Let b(o) = o**3 + o - 8*o**2 + 16*o**2 - 4 - 3*o**2 + 0. What is b(j)?
11
Suppose 8*x - 37 = -5. Let j(k) = -2 - 3 - 2 + 20 + x*k + 2. Give j(-6).
-9
Let m(f) = f + 1. Let o be 5*4/(-20) + 4 + 2. Let c(n) be the first derivative of n - 1. Let l(j) = o*c(j) - m(j). What is l(0)?
4
Let s(b) = -9091*b + 4563*b + 4546*b - 87. Determine s(5).
3
Let i(u) = -5*u**3 + 4*u**2 + 6*u + 1. Let c(t) = 11*t**3 - 8*t**2 - 14*t - 1. Let o(q) = -4*c(q) - 9*i(q). Suppose k = -11*k + 48. What is o(k)?
3
Let k be (-7170)/(-225) + 2/15. Suppose k*y = 33*y. Let o(i) = i**3 + i**2 + 2*i. Calculate o(y).
0
Let j = -7112 - -7106. Let d(p) = -2*p**2 - 10*p - 6. Calculate d(j).
-18
Let i(l) be the third derivative of -l**6/120 - 2*l**5/15 + l**4/12 + 3*l**3 + 1084*l**2. What is i(-8)?
2
Let t(r) be the third derivative of -r**6/120 - 3*r**5/10 + 5*r**4/6 + 16*r**3/3 + 3986*r**2. Calculate t(-19).
13
Let b(c) = -5*c**3 - 11*c**2 + 2*c - 4. Let o(n) = n**3 + n**2 + 1. Let j be (-13)/2 - 2/(-4). Let u(r) = j*o(r) - b(r). Let l = 4774 + -4770. Give u(l).
6
Let g be 46/8 - 3/4. Let b(n) = -406 - 4*n + 7*n**2 + 399 - 6*n**2. Determine b(g).
-2
Let o(a) be the first derivative of 17 - 5*a + 1/2*a**2. Give o(0).
-5
Let n(y) = -2*y**2 - 10*y - 4. Let m(p) = -p**3 - 6*p**2 - 9*p - 3. Let z be m(-6). Suppose -z + 11 = 10*w. Give n(w).
4
Suppose 11*m - 16*m - 15 = 0. Let y(i) = 5*i + 26. Let l be y(m). Let u(x) = -x**3 + 12*x**2 - 12*x + 7. Determine u(l).
-4
Let d be 413/1239*(-34 - 2). Let p(q) = 38*q + 474. What is p(d)?
18
Let i(h) = -h - 1. Let x(p) = 9*p + 5. Let r(s) = 6*i(s) + x(s). Let o = -8 - -13. Suppose -o*a - 14 = -4. Determine r(a).
-7
Let u(v) = -6 + 16*v**2 - 126*v**3 + 37*v**3 + 13*v + 35*v**3 + 34*v**3 + 22*v**3. Calculate u(-7).
1
Suppose -7 - 8 = -k + 5*l, -4*l = 4*k - 12. Let h(r) = r**3 - 5*r**2 + 2*r - 11. Give h(k).
-1
Let h(c) = c**3 - 4*c**2 - 4*c - 2. Suppose -2*b = -12*b + 80. Suppose 0 = -b*n + 80 - 40. Determine h(n).
3
Let y be -3 + 19 + -10 + 4. Suppose -6*u - 28 = -y. Let n(k) = -k - 1. What is n(u)?
2
Let v(t) be the third derivative of -t**6/120 + t**5/15 - t**4/8 - t**3/2 + t**2. Suppose -60*f + 51*f + 405 = 0. Suppose -f*l - 84 + 264 = 0. What is v(l)?
-15
Suppose -33*f + 18*f = 45*f + 120. Let z(m) = 13*m**2 + m + 6. Give z(f).
56
Let l(d) = -87 + 10*d**2 + 95 + d**3 - 5*d - 6*d. Suppose 3*t - 10 + 3 = -p, -5*p - 91 = -6*t. Determine l(p).
8
Let k(o) = o**3